{"id":7,"date":"2020-08-19T13:25:35","date_gmt":"2020-08-19T11:25:35","guid":{"rendered":"http:\/\/ruichanswriting.fr\/?page_id=7"},"modified":"2021-12-10T16:05:21","modified_gmt":"2021-12-10T15:05:21","slug":"livres-en-francais","status":"publish","type":"page","link":"https:\/\/ruichanswriting.fr\/index.php\/livres-en-francais\/","title":{"rendered":"Livres"},"content":{"rendered":"\t\t<div data-elementor-type=\"wp-page\" data-elementor-id=\"7\" class=\"elementor elementor-7\">\n\t\t\t\t\t\t<div class=\"elementor-inner\">\n\t\t\t\t<div class=\"elementor-section-wrap\">\n\t\t\t\t\t\t\t\t\t<section class=\"elementor-section elementor-top-section elementor-element elementor-element-7a94e863 elementor-section-boxed elementor-section-height-default elementor-section-height-default\" data-id=\"7a94e863\" data-element_type=\"section\" data-settings=\"{&quot;background_background&quot;:&quot;classic&quot;}\">\n\t\t\t\t\t\t<div class=\"elementor-container elementor-column-gap-default\">\n\t\t\t\t\t\t\t<div class=\"elementor-row\">\n\t\t\t\t\t<div class=\"elementor-column elementor-col-100 elementor-top-column elementor-element elementor-element-5d0adafb\" data-id=\"5d0adafb\" data-element_type=\"column\" data-settings=\"{&quot;background_background&quot;:&quot;classic&quot;}\">\n\t\t\t<div class=\"elementor-column-wrap elementor-element-populated\">\n\t\t\t\t\t\t\t<div class=\"elementor-widget-wrap\">\n\t\t\t\t\t\t<div class=\"elementor-element elementor-element-2ddcc7a9 elementor-shape-circle elementor-grid-0 e-grid-align-center elementor-widget elementor-widget-social-icons\" data-id=\"2ddcc7a9\" data-element_type=\"widget\" data-widget_type=\"social-icons.default\">\n\t\t\t\t<div class=\"elementor-widget-container\">\n\t\t\t\t\t<div class=\"elementor-social-icons-wrapper elementor-grid\">\n\t\t\t\t\t\t\t<span class=\"elementor-grid-item\">\n\t\t\t\t\t<a class=\"elementor-icon elementor-social-icon elementor-social-icon-twitter elementor-repeater-item-e1c888e\" href=\"https:\/\/twitter.com\/ruichanswriting\" target=\"_blank\">\n\t\t\t\t\t\t<span class=\"elementor-screen-only\">Twitter<\/span>\n\t\t\t\t\t\t<i class=\"fab fa-twitter\"><\/i>\t\t\t\t\t<\/a>\n\t\t\t\t<\/span>\n\t\t\t\t\t\t\t<span class=\"elementor-grid-item\">\n\t\t\t\t\t<a class=\"elementor-icon elementor-social-icon elementor-social-icon-instagram elementor-repeater-item-7111232\" href=\"https:\/\/www.instagram.com\/ruichanswriting\/\" target=\"_blank\">\n\t\t\t\t\t\t<span class=\"elementor-screen-only\">Instagram<\/span>\n\t\t\t\t\t\t<i class=\"fab fa-instagram\"><\/i>\t\t\t\t\t<\/a>\n\t\t\t\t<\/span>\n\t\t\t\t\t\t\t<span class=\"elementor-grid-item\">\n\t\t\t\t\t<a class=\"elementor-icon elementor-social-icon elementor-social-icon-facebook elementor-repeater-item-4199f6d\" href=\"https:\/\/facebook.com\/ruichanswriting\" target=\"_blank\">\n\t\t\t\t\t\t<span class=\"elementor-screen-only\">Facebook<\/span>\n\t\t\t\t\t\t<i class=\"fab fa-facebook\"><\/i>\t\t\t\t\t<\/a>\n\t\t\t\t<\/span>\n\t\t\t\t\t\t\t<span class=\"elementor-grid-item\">\n\t\t\t\t\t<a class=\"elementor-icon elementor-social-icon elementor-social-icon-amazon elementor-repeater-item-7e80a93\" href=\"https:\/\/www.amazon.fr\/Rui-Chan\/e\/B00PB8DPP8\" target=\"_blank\">\n\t\t\t\t\t\t<span class=\"elementor-screen-only\">Amazon<\/span>\n\t\t\t\t\t\t<i class=\"fab fa-amazon\"><\/i>\t\t\t\t\t<\/a>\n\t\t\t\t<\/span>\n\t\t\t\t\t\t\t<span class=\"elementor-grid-item\">\n\t\t\t\t\t<a class=\"elementor-icon elementor-social-icon elementor-social-icon-youtube elementor-repeater-item-844f384\" target=\"_blank\">\n\t\t\t\t\t\t<span class=\"elementor-screen-only\">Youtube<\/span>\n\t\t\t\t\t\t<i class=\"fab fa-youtube\"><\/i>\t\t\t\t\t<\/a>\n\t\t\t\t<\/span>\n\t\t\t\t\t\t\t<span class=\"elementor-grid-item\">\n\t\t\t\t\t<a class=\"elementor-icon elementor-social-icon elementor-social-icon-goodreads elementor-repeater-item-c7fba6d\" href=\"https:\/\/www.goodreads.com\/author\/show\/18756330.Rui_Chan\" target=\"_blank\">\n\t\t\t\t\t\t<span class=\"elementor-screen-only\">Goodreads<\/span>\n\t\t\t\t\t\t<i class=\"fab fa-goodreads\"><\/i>\t\t\t\t\t<\/a>\n\t\t\t\t<\/span>\n\t\t\t\t\t\t\t<span class=\"elementor-grid-item\">\n\t\t\t\t\t<a class=\"elementor-icon elementor-social-icon elementor-social-icon-book-open elementor-repeater-item-0d75d24\" href=\"https:\/\/booknode.com\/auteur\/rui-chan\" target=\"_blank\">\n\t\t\t\t\t\t<span class=\"elementor-screen-only\">Book-open<\/span>\n\t\t\t\t\t\t<i class=\"fas fa-book-open\"><\/i>\t\t\t\t\t<\/a>\n\t\t\t\t<\/span>\n\t\t\t\t\t\t\t<span class=\"elementor-grid-item\">\n\t\t\t\t\t<a class=\"elementor-icon elementor-social-icon elementor-social-icon- elementor-repeater-item-f2b4890\" href=\"https:\/\/www.babelio.com\/auteur\/Rui-Chan\/498611\" target=\"_blank\">\n\t\t\t\t\t\t<span class=\"elementor-screen-only\"><\/span>\n\t\t\t\t\t\t<svg xmlns=\"http:\/\/www.w3.org\/2000\/svg\" id=\"Layer_1\" data-name=\"Layer 1\" viewBox=\"0 0 568 692.07\"><defs><style>.cls-1{fill:#f9b91d;}<\/style><\/defs><title>Babelio<\/title><path class=\"cls-1\" d=\"M12,609.41v94.66H580V445.43C415.61,549.29,220.82,609.41,12,609.41Z\" transform=\"translate(-12 -12)\"><\/path><path class=\"cls-1\" d=\"M106.66,436.76V558.28A1024.07,1024.07,0,0,0,217.26,542a1012.82,1012.82,0,0,0,191.07-59.31q39.17-16.59,77-36.49V234C388.46,340.76,256,414.57,106.66,436.76Z\" transform=\"translate(-12 -12)\"><\/path><path class=\"cls-1\" d=\"M201.33,230.82V366.1q20.82-7.05,41.18-15.65a592.5,592.5,0,0,0,100.57-54.58q24.62-16.67,47.57-35.78V12A403.5,403.5,0,0,1,201.33,230.82Z\" transform=\"translate(-12 -12)\"><\/path><\/svg>\t\t\t\t\t<\/a>\n\t\t\t\t<\/span>\n\t\t\t\t\t\t\t<span class=\"elementor-grid-item\">\n\t\t\t\t\t<a class=\"elementor-icon elementor-social-icon elementor-social-icon- elementor-repeater-item-0ed1dda\" href=\"https:\/\/www.livraddict.com\/biblio\/auteur\/rui-chan.html\" target=\"_blank\">\n\t\t\t\t\t\t<span class=\"elementor-screen-only\"><\/span>\n\t\t\t\t\t\t<svg xmlns=\"http:\/\/www.w3.org\/2000\/svg\" id=\"Layer_1\" data-name=\"Layer 1\" viewBox=\"0 0 579.95 594\"><defs><style>.cls-1{fill:#025056;}.cls-2{fill:#039ba8;}.cls-3{fill:#750f21;}.cls-4{fill:#ee3a68;}<\/style><\/defs><title>logo_livraddict<\/title><path class=\"cls-1\" d=\"M243.3,263.15,11,442.41s80.88,71.07,82.74,242.11l123-96.52L283.6,352.78l-20.42-58.34C263.18,294.71,254.7,278,243.3,263.15Z\" transform=\"translate(-11 -243)\"><\/path><path class=\"cls-2\" d=\"M326.83,243s72.92,79,19.89,243.43l-253,198.09s84.59-105.8,2.91-254.3Z\" transform=\"translate(-11 -243)\"><\/path><path class=\"cls-3\" d=\"M551.43,654.56,321.79,837S272.2,741.27,106.46,698.84l123.05-96.52L474,593.57l51.71,33.94A223.8,223.8,0,0,1,551.43,654.56Z\" transform=\"translate(-11 -243)\"><\/path><path class=\"cls-4\" d=\"M591,578.19s-59.4-89.63-231.77-77.44L106.46,698.84s122.78-56.75,247.42,58.08Z\" transform=\"translate(-11 -243)\"><\/path><\/svg>\t\t\t\t\t<\/a>\n\t\t\t\t<\/span>\n\t\t\t\t\t<\/div>\n\t\t\t\t<\/div>\n\t\t\t\t<\/div>\n\t\t\t\t\t\t<\/div>\n\t\t\t\t\t<\/div>\n\t\t<\/div>\n\t\t\t\t\t\t\t\t<\/div>\n\t\t\t\t\t<\/div>\n\t\t<\/section>\n\t\t\t\t<section class=\"elementor-section elementor-top-section elementor-element elementor-element-23cd169e elementor-section-boxed elementor-section-height-default elementor-section-height-default\" data-id=\"23cd169e\" data-element_type=\"section\">\n\t\t\t\t\t\t<div class=\"elementor-container elementor-column-gap-default\">\n\t\t\t\t\t\t\t<div class=\"elementor-row\">\n\t\t\t\t\t<div class=\"elementor-column elementor-col-100 elementor-top-column elementor-element elementor-element-13c7f406\" data-id=\"13c7f406\" data-element_type=\"column\">\n\t\t\t<div class=\"elementor-column-wrap\">\n\t\t\t\t\t\t\t<div class=\"elementor-widget-wrap\">\n\t\t\t\t\t\t\t\t<\/div>\n\t\t\t\t\t<\/div>\n\t\t<\/div>\n\t\t\t\t\t\t\t\t<\/div>\n\t\t\t\t\t<\/div>\n\t\t<\/section>\n\t\t\t\t<section class=\"elementor-section elementor-top-section elementor-element elementor-element-48a4f27 elementor-section-boxed elementor-section-height-default elementor-section-height-default\" data-id=\"48a4f27\" data-element_type=\"section\">\n\t\t\t\t\t\t<div class=\"elementor-container elementor-column-gap-default\">\n\t\t\t\t\t\t\t<div class=\"elementor-row\">\n\t\t\t\t\t<div class=\"elementor-column elementor-col-100 elementor-top-column elementor-element elementor-element-cfa7ace\" data-id=\"cfa7ace\" data-element_type=\"column\">\n\t\t\t<div class=\"elementor-column-wrap\">\n\t\t\t\t\t\t\t<div class=\"elementor-widget-wrap\">\n\t\t\t\t\t\t\t\t<\/div>\n\t\t\t\t\t<\/div>\n\t\t<\/div>\n\t\t\t\t\t\t\t\t<\/div>\n\t\t\t\t\t<\/div>\n\t\t<\/section>\n\t\t\t\t\t\t\t\t\t<\/div>\n\t\t\t<\/div>\n\t\t\t\t\t<\/div>\n\t\t","protected":false},"excerpt":{"rendered":"<p>Twitter Instagram Facebook Amazon Youtube Goodreads Book-open Babelio logo_livraddict Tous Romans Nouvelles Ha\u00efkus Po\u00e9sie Novellas Micronouvelles LGBTQ Romance Gothique Contes Merveilleux Fantastique Erotisme Fantasy Jeunesse Japon Articles Au fil de l&#8217;eau Contes de f\u00e9es cruel(le)s De surprise en surprise Echantillons Entre chien et loup \u00c0 para\u00eetre Eveils Geiko Monogatari &#8211; Histoires de Geisha Goutte \u00e0 goutte Mainichi no Haiku &#8211; Ha\u00efkus du quotidien Nous nous sommes manqu\u00e9es Le Petit Chaperon noir \u00c0 para\u00eetre Plaisirs impolis Rotten Si je vous ai froiss\u00e9e Sources de plaisir Les Yeux noirs Intensit\u00e9 \u00e9motionnelle Intensit\u00e9 \u00e9motionnelle ou hypersensibilit\u00e9<\/p>\n","protected":false},"author":1,"featured_media":0,"parent":0,"menu_order":2,"comment_status":"closed","ping_status":"closed","template":"elementor_header_footer","meta":{"footnotes":""},"_links":{"self":[{"href":"https:\/\/ruichanswriting.fr\/index.php\/wp-json\/wp\/v2\/pages\/7"}],"collection":[{"href":"https:\/\/ruichanswriting.fr\/index.php\/wp-json\/wp\/v2\/pages"}],"about":[{"href":"https:\/\/ruichanswriting.fr\/index.php\/wp-json\/wp\/v2\/types\/page"}],"author":[{"embeddable":true,"href":"https:\/\/ruichanswriting.fr\/index.php\/wp-json\/wp\/v2\/users\/1"}],"replies":[{"embeddable":true,"href":"https:\/\/ruichanswriting.fr\/index.php\/wp-json\/wp\/v2\/comments?post=7"}],"version-history":[{"count":42,"href":"https:\/\/ruichanswriting.fr\/index.php\/wp-json\/wp\/v2\/pages\/7\/revisions"}],"predecessor-version":[{"id":3179,"href":"https:\/\/ruichanswriting.fr\/index.php\/wp-json\/wp\/v2\/pages\/7\/revisions\/3179"}],"wp:attachment":[{"href":"https:\/\/ruichanswriting.fr\/index.php\/wp-json\/wp\/v2\/media?parent=7"}],"curies":[{"name":"wp","href":"https:\/\/api.w.org\/{rel}","templated":true}]}}