{"id":5,"date":"2020-08-19T13:25:14","date_gmt":"2020-08-19T11:25:14","guid":{"rendered":"http:\/\/ruichanswriting.fr\/?page_id=5"},"modified":"2021-06-24T11:05:40","modified_gmt":"2021-06-24T09:05:40","slug":"a-propos-de-rui-chan","status":"publish","type":"page","link":"https:\/\/ruichanswriting.fr\/","title":{"rendered":"Rui Chan (FR)"},"content":{"rendered":"\t\t<div data-elementor-type=\"wp-page\" data-elementor-id=\"5\" class=\"elementor elementor-5\">\n\t\t\t\t\t\t<div class=\"elementor-inner\">\n\t\t\t\t<div class=\"elementor-section-wrap\">\n\t\t\t\t\t\t\t\t\t<section class=\"elementor-section elementor-top-section elementor-element elementor-element-78e0bd62 elementor-section-boxed elementor-section-height-default elementor-section-height-default\" data-id=\"78e0bd62\" data-element_type=\"section\" data-settings=\"{&quot;background_background&quot;:&quot;classic&quot;}\">\n\t\t\t\t\t\t<div class=\"elementor-container elementor-column-gap-default\">\n\t\t\t\t\t\t\t<div class=\"elementor-row\">\n\t\t\t\t\t<div class=\"elementor-column elementor-col-100 elementor-top-column elementor-element elementor-element-26950cc3\" data-id=\"26950cc3\" data-element_type=\"column\" data-settings=\"{&quot;background_background&quot;:&quot;classic&quot;}\">\n\t\t\t<div class=\"elementor-column-wrap elementor-element-populated\">\n\t\t\t\t\t\t\t<div class=\"elementor-widget-wrap\">\n\t\t\t\t\t\t<div class=\"elementor-element elementor-element-6f0896dc elementor-shape-circle elementor-grid-0 e-grid-align-center elementor-widget elementor-widget-social-icons\" data-id=\"6f0896dc\" data-element_type=\"widget\" data-widget_type=\"social-icons.default\">\n\t\t\t\t<div class=\"elementor-widget-container\">\n\t\t\t\t\t<div class=\"elementor-social-icons-wrapper elementor-grid\">\n\t\t\t\t\t\t\t<span class=\"elementor-grid-item\">\n\t\t\t\t\t<a class=\"elementor-icon elementor-social-icon elementor-social-icon-twitter elementor-repeater-item-e1c888e\" href=\"https:\/\/twitter.com\/ruichanswriting\" target=\"_blank\">\n\t\t\t\t\t\t<span class=\"elementor-screen-only\">Twitter<\/span>\n\t\t\t\t\t\t<i class=\"fab fa-twitter\"><\/i>\t\t\t\t\t<\/a>\n\t\t\t\t<\/span>\n\t\t\t\t\t\t\t<span class=\"elementor-grid-item\">\n\t\t\t\t\t<a class=\"elementor-icon elementor-social-icon elementor-social-icon-instagram elementor-repeater-item-7111232\" href=\"https:\/\/www.instagram.com\/ruichanswriting\/\" target=\"_blank\">\n\t\t\t\t\t\t<span class=\"elementor-screen-only\">Instagram<\/span>\n\t\t\t\t\t\t<i class=\"fab fa-instagram\"><\/i>\t\t\t\t\t<\/a>\n\t\t\t\t<\/span>\n\t\t\t\t\t\t\t<span class=\"elementor-grid-item\">\n\t\t\t\t\t<a class=\"elementor-icon elementor-social-icon elementor-social-icon-facebook elementor-repeater-item-4199f6d\" href=\"https:\/\/facebook.com\/ruichanswriting\" target=\"_blank\">\n\t\t\t\t\t\t<span class=\"elementor-screen-only\">Facebook<\/span>\n\t\t\t\t\t\t<i class=\"fab fa-facebook\"><\/i>\t\t\t\t\t<\/a>\n\t\t\t\t<\/span>\n\t\t\t\t\t\t\t<span class=\"elementor-grid-item\">\n\t\t\t\t\t<a class=\"elementor-icon elementor-social-icon elementor-social-icon-amazon elementor-repeater-item-7e80a93\" href=\"https:\/\/www.amazon.fr\/Rui-Chan\/e\/B00PB8DPP8\" target=\"_blank\">\n\t\t\t\t\t\t<span class=\"elementor-screen-only\">Amazon<\/span>\n\t\t\t\t\t\t<i class=\"fab fa-amazon\"><\/i>\t\t\t\t\t<\/a>\n\t\t\t\t<\/span>\n\t\t\t\t\t\t\t<span class=\"elementor-grid-item\">\n\t\t\t\t\t<a class=\"elementor-icon elementor-social-icon elementor-social-icon-youtube elementor-repeater-item-844f384\" href=\"https:\/\/www.youtube.com\/channel\/UCvIpWM57cBcOZ68p1FeugbQ\" target=\"_blank\">\n\t\t\t\t\t\t<span class=\"elementor-screen-only\">Youtube<\/span>\n\t\t\t\t\t\t<i class=\"fab fa-youtube\"><\/i>\t\t\t\t\t<\/a>\n\t\t\t\t<\/span>\n\t\t\t\t\t\t\t<span class=\"elementor-grid-item\">\n\t\t\t\t\t<a class=\"elementor-icon elementor-social-icon elementor-social-icon-goodreads elementor-repeater-item-c7fba6d\" href=\"https:\/\/www.goodreads.com\/author\/show\/18756330.Rui_Chan\" target=\"_blank\">\n\t\t\t\t\t\t<span class=\"elementor-screen-only\">Goodreads<\/span>\n\t\t\t\t\t\t<i class=\"fab fa-goodreads\"><\/i>\t\t\t\t\t<\/a>\n\t\t\t\t<\/span>\n\t\t\t\t\t\t\t<span class=\"elementor-grid-item\">\n\t\t\t\t\t<a class=\"elementor-icon elementor-social-icon elementor-social-icon-book-open elementor-repeater-item-0d75d24\" href=\"https:\/\/booknode.com\/auteur\/rui-chan\" target=\"_blank\">\n\t\t\t\t\t\t<span class=\"elementor-screen-only\">Book-open<\/span>\n\t\t\t\t\t\t<i class=\"fas fa-book-open\"><\/i>\t\t\t\t\t<\/a>\n\t\t\t\t<\/span>\n\t\t\t\t\t\t\t<span class=\"elementor-grid-item\">\n\t\t\t\t\t<a class=\"elementor-icon elementor-social-icon elementor-social-icon- elementor-repeater-item-f2b4890\" href=\"https:\/\/www.babelio.com\/auteur\/Rui-Chan\/498611\" target=\"_blank\">\n\t\t\t\t\t\t<span class=\"elementor-screen-only\"><\/span>\n\t\t\t\t\t\t<svg xmlns=\"http:\/\/www.w3.org\/2000\/svg\" id=\"Layer_1\" data-name=\"Layer 1\" viewBox=\"0 0 568 692.07\"><defs><style>.cls-1{fill:#f9b91d;}<\/style><\/defs><title>Babelio<\/title><path class=\"cls-1\" d=\"M12,609.41v94.66H580V445.43C415.61,549.29,220.82,609.41,12,609.41Z\" transform=\"translate(-12 -12)\"><\/path><path class=\"cls-1\" d=\"M106.66,436.76V558.28A1024.07,1024.07,0,0,0,217.26,542a1012.82,1012.82,0,0,0,191.07-59.31q39.17-16.59,77-36.49V234C388.46,340.76,256,414.57,106.66,436.76Z\" transform=\"translate(-12 -12)\"><\/path><path class=\"cls-1\" d=\"M201.33,230.82V366.1q20.82-7.05,41.18-15.65a592.5,592.5,0,0,0,100.57-54.58q24.62-16.67,47.57-35.78V12A403.5,403.5,0,0,1,201.33,230.82Z\" transform=\"translate(-12 -12)\"><\/path><\/svg>\t\t\t\t\t<\/a>\n\t\t\t\t<\/span>\n\t\t\t\t\t\t\t<span class=\"elementor-grid-item\">\n\t\t\t\t\t<a class=\"elementor-icon elementor-social-icon elementor-social-icon- elementor-repeater-item-0ed1dda\" href=\"https:\/\/www.livraddict.com\/biblio\/auteur\/rui-chan.html\" target=\"_blank\">\n\t\t\t\t\t\t<span class=\"elementor-screen-only\"><\/span>\n\t\t\t\t\t\t<svg xmlns=\"http:\/\/www.w3.org\/2000\/svg\" id=\"Layer_1\" data-name=\"Layer 1\" viewBox=\"0 0 579.95 594\"><defs><style>.cls-1{fill:#025056;}.cls-2{fill:#039ba8;}.cls-3{fill:#750f21;}.cls-4{fill:#ee3a68;}<\/style><\/defs><title>logo_livraddict<\/title><path class=\"cls-1\" d=\"M243.3,263.15,11,442.41s80.88,71.07,82.74,242.11l123-96.52L283.6,352.78l-20.42-58.34C263.18,294.71,254.7,278,243.3,263.15Z\" transform=\"translate(-11 -243)\"><\/path><path class=\"cls-2\" d=\"M326.83,243s72.92,79,19.89,243.43l-253,198.09s84.59-105.8,2.91-254.3Z\" transform=\"translate(-11 -243)\"><\/path><path class=\"cls-3\" d=\"M551.43,654.56,321.79,837S272.2,741.27,106.46,698.84l123.05-96.52L474,593.57l51.71,33.94A223.8,223.8,0,0,1,551.43,654.56Z\" transform=\"translate(-11 -243)\"><\/path><path class=\"cls-4\" d=\"M591,578.19s-59.4-89.63-231.77-77.44L106.46,698.84s122.78-56.75,247.42,58.08Z\" transform=\"translate(-11 -243)\"><\/path><\/svg>\t\t\t\t\t<\/a>\n\t\t\t\t<\/span>\n\t\t\t\t\t<\/div>\n\t\t\t\t<\/div>\n\t\t\t\t<\/div>\n\t\t\t\t\t\t<\/div>\n\t\t\t\t\t<\/div>\n\t\t<\/div>\n\t\t\t\t\t\t\t\t<\/div>\n\t\t\t\t\t<\/div>\n\t\t<\/section>\n\t\t\t\t<section class=\"elementor-section elementor-top-section elementor-element elementor-element-accb366 elementor-section-boxed elementor-section-height-default elementor-section-height-default\" data-id=\"accb366\" data-element_type=\"section\">\n\t\t\t\t\t\t<div class=\"elementor-container elementor-column-gap-default\">\n\t\t\t\t\t\t\t<div class=\"elementor-row\">\n\t\t\t\t\t<div class=\"elementor-column elementor-col-50 elementor-top-column elementor-element elementor-element-416b274\" data-id=\"416b274\" data-element_type=\"column\">\n\t\t\t<div class=\"elementor-column-wrap elementor-element-populated\">\n\t\t\t\t\t\t\t<div class=\"elementor-widget-wrap\">\n\t\t\t\t\t\t<div class=\"elementor-element elementor-element-5e6bb6b elementor-widget elementor-widget-spacer\" data-id=\"5e6bb6b\" data-element_type=\"widget\" data-widget_type=\"spacer.default\">\n\t\t\t\t<div class=\"elementor-widget-container\">\n\t\t\t\t\t<div class=\"elementor-spacer\">\n\t\t\t<div class=\"elementor-spacer-inner\"><\/div>\n\t\t<\/div>\n\t\t\t\t<\/div>\n\t\t\t\t<\/div>\n\t\t\t\t<div class=\"elementor-element elementor-element-0df4410 elementor-widget elementor-widget-text-editor\" data-id=\"0df4410\" data-element_type=\"widget\" data-widget_type=\"text-editor.default\">\n\t\t\t\t<div class=\"elementor-widget-container\">\n\t\t\t\t\t\t\t\t<div class=\"elementor-text-editor elementor-clearfix\">\n\t\t\t\t<div class=\"messagesWrapper-1sRNjr group-spacing-16\"><div class=\"scroller-2LSbBU auto-Ge5KZx scrollerBase-289Jih disableScrollAnchor-3V9UtP\" dir=\"ltr\"><div class=\"scrollerContent-WzeG7R content-3YMskv\"><div id=\"chat-messages\" class=\"scrollerInner-2YIMLh\" tabindex=\"0\" role=\"log\" aria-label=\"Messages sur \" aria-live=\"off\"><div id=\"chat-messages-749185394649858060\" class=\"message-2qnXI6 cozyMessage-3V1Y8y wrapper-2a6GCs cozy-3raOZG zalgo-jN1Ica\" tabindex=\"-1\" role=\"group\"><div class=\"contents-2mQqc9\" role=\"document\"><p class=\"markup-2BOw-j messageContent-2qWWxC\">Rui Chan est une auteur <strong>bisexuelle<\/strong> de nationalit\u00e9 fran\u00e7aise mais qui se sent tr\u00e8s internationale tant par ses origines <strong>m\u00e9tiss\u00e9es<\/strong> que par son parcours.<\/p><p class=\"markup-2BOw-j messageContent-2qWWxC\">Elle \u00e9crit depuis qu\u2019elle sait tenir un stylo et aime s\u2019essayer \u00e0 des styles divers et vari\u00e9s, m\u00eame si certains genres ont sa pr\u00e9f\u00e9rence.<\/p><p class=\"markup-2BOw-j messageContent-2qWWxC\">En tant que membre de la communaut\u00e9 <strong>LGBTQ<\/strong>, elle a tendance \u00e0 d\u00e9peindre des <strong>personnages queer<\/strong> un peu partout, parce que \u00e7a lui pla\u00eet mais aussi pour leur donner plus de visibilit\u00e9. D\u2019une mani\u00e8re g\u00e9n\u00e9rale, elle souhaite que ses \u0153uvres soient emplies de <strong>diversit\u00e9<\/strong> et de messages de <strong>tol\u00e9rance<\/strong>. Comme elle est aussi maman, son temps se r\u00e9partit entre sa vie de <strong>famille<\/strong>, son m\u00e9tier de <strong>formatrice<\/strong> et <strong>l\u2019\u00e9criture<\/strong>, m\u00eame si souvent tout cela se m\u00e9lange.<\/p><p class=\"markup-2BOw-j messageContent-2qWWxC\">D\u2019ailleurs, pour elle, la <strong>f\u00e9minit\u00e9<\/strong> est aussi un m\u00e9lange : en tant que m\u00e8re et amante, elle aime autant imaginer des <strong>r\u00e9cits \u00e9rotiques<\/strong> que des <strong>histoires pour enfants<\/strong> \u2014 m\u00eame si ces derni\u00e8res n\u2019ont pas encore \u00e9t\u00e9 publi\u00e9es.<\/p><p class=\"markup-2BOw-j messageContent-2qWWxC\">Passionn\u00e9e de <strong>Japon<\/strong>, de <strong>voyage<\/strong> et de <strong>langues<\/strong> en g\u00e9n\u00e9ral, elle incorpore souvent ces aspects dans ses \u00e9crits, qu\u2019elle r\u00e9dige en fran\u00e7ais et en anglais, avec un soup\u00e7on de japonais parfois, notamment dans les <strong>ha\u00efkus<\/strong>.<\/p><\/div><\/div><\/div><\/div><\/div><\/div>\t\t\t\t\t<\/div>\n\t\t\t\t\t\t<\/div>\n\t\t\t\t<\/div>\n\t\t\t\t<div class=\"elementor-element elementor-element-a225a07 elementor-widget elementor-widget-image\" data-id=\"a225a07\" data-element_type=\"widget\" data-widget_type=\"image.default\">\n\t\t\t\t<div class=\"elementor-widget-container\">\n\t\t\t\t\t\t\t\t<div class=\"elementor-image\">\n\t\t\t\t\t\t\t\t\t\t\t\t<img loading=\"lazy\" decoding=\"async\" width=\"150\" height=\"150\" src=\"https:\/\/ruichanswriting.fr\/wp-content\/uploads\/2020\/08\/FB_IMG_1577533624747-150x150.jpg\" class=\"attachment-thumbnail size-thumbnail wp-image-460\" alt=\"\" srcset=\"https:\/\/ruichanswriting.fr\/wp-content\/uploads\/2020\/08\/FB_IMG_1577533624747-150x150.jpg 150w, https:\/\/ruichanswriting.fr\/wp-content\/uploads\/2020\/08\/FB_IMG_1577533624747-300x300.jpg 300w, https:\/\/ruichanswriting.fr\/wp-content\/uploads\/2020\/08\/FB_IMG_1577533624747-75x75.jpg 75w\" sizes=\"(max-width: 150px) 100vw, 150px\" \/>\t\t\t\t\t\t\t\t\t\t\t\t\t\t<\/div>\n\t\t\t\t\t\t<\/div>\n\t\t\t\t<\/div>\n\t\t\t\t\t\t<\/div>\n\t\t\t\t\t<\/div>\n\t\t<\/div>\n\t\t\t\t<div class=\"elementor-column elementor-col-50 elementor-top-column elementor-element elementor-element-cc966a4\" data-id=\"cc966a4\" data-element_type=\"column\" data-settings=\"{&quot;background_background&quot;:&quot;classic&quot;}\">\n\t\t\t<div class=\"elementor-column-wrap elementor-element-populated\">\n\t\t\t\t\t\t\t<div class=\"elementor-widget-wrap\">\n\t\t\t\t\t\t<div class=\"elementor-element elementor-element-9eb1f8b elementor-widget elementor-widget-image\" data-id=\"9eb1f8b\" data-element_type=\"widget\" data-widget_type=\"image.default\">\n\t\t\t\t<div class=\"elementor-widget-container\">\n\t\t\t\t\t\t\t\t<div class=\"elementor-image\">\n\t\t\t\t\t\t\t\t\t\t\t\t\t<a href=\"https:\/\/ruichanswriting.fr\/index.php\/livres-en-francais\/entre-chien-et-loup\/\">\n\t\t\t\t\t\t\t<img loading=\"lazy\" decoding=\"async\" width=\"1595\" height=\"1595\" src=\"https:\/\/ruichanswriting.fr\/wp-content\/uploads\/2021\/03\/mock-00056.png\" class=\"attachment-full size-full wp-image-1653\" alt=\"\" srcset=\"https:\/\/ruichanswriting.fr\/wp-content\/uploads\/2021\/03\/mock-00056.png 1595w, https:\/\/ruichanswriting.fr\/wp-content\/uploads\/2021\/03\/mock-00056-300x300.png 300w, https:\/\/ruichanswriting.fr\/wp-content\/uploads\/2021\/03\/mock-00056-1024x1024.png 1024w, https:\/\/ruichanswriting.fr\/wp-content\/uploads\/2021\/03\/mock-00056-150x150.png 150w, https:\/\/ruichanswriting.fr\/wp-content\/uploads\/2021\/03\/mock-00056-768x768.png 768w, https:\/\/ruichanswriting.fr\/wp-content\/uploads\/2021\/03\/mock-00056-1536x1536.png 1536w, https:\/\/ruichanswriting.fr\/wp-content\/uploads\/2021\/03\/mock-00056-1140x1140.png 1140w, https:\/\/ruichanswriting.fr\/wp-content\/uploads\/2021\/03\/mock-00056-75x75.png 75w\" sizes=\"(max-width: 1595px) 100vw, 1595px\" \/>\t\t\t\t\t\t\t\t<\/a>\n\t\t\t\t\t\t\t\t\t\t\t\t\t\t<\/div>\n\t\t\t\t\t\t<\/div>\n\t\t\t\t<\/div>\n\t\t\t\t\t\t<\/div>\n\t\t\t\t\t<\/div>\n\t\t<\/div>\n\t\t\t\t\t\t\t\t<\/div>\n\t\t\t\t\t<\/div>\n\t\t<\/section>\n\t\t\t\t<section class=\"elementor-section elementor-top-section elementor-element elementor-element-7b7c8ab elementor-section-boxed elementor-section-height-default elementor-section-height-default\" data-id=\"7b7c8ab\" data-element_type=\"section\">\n\t\t\t\t\t\t<div class=\"elementor-container elementor-column-gap-default\">\n\t\t\t\t\t\t\t<div class=\"elementor-row\">\n\t\t\t\t\t<div class=\"elementor-column elementor-col-100 elementor-top-column elementor-element elementor-element-e389ec7\" data-id=\"e389ec7\" data-element_type=\"column\">\n\t\t\t<div class=\"elementor-column-wrap\">\n\t\t\t\t\t\t\t<div class=\"elementor-widget-wrap\">\n\t\t\t\t\t\t\t\t<\/div>\n\t\t\t\t\t<\/div>\n\t\t<\/div>\n\t\t\t\t\t\t\t\t<\/div>\n\t\t\t\t\t<\/div>\n\t\t<\/section>\n\t\t\t\t\t\t\t\t\t<\/div>\n\t\t\t<\/div>\n\t\t\t\t\t<\/div>\n\t\t","protected":false},"excerpt":{"rendered":"<p>Twitter Instagram Facebook Amazon Youtube Goodreads Book-open Babelio logo_livraddict \u00c0 propos de Rui Chan Rui Chan est une auteur bisexuelle de nationalit\u00e9 fran\u00e7aise mais qui se sent tr\u00e8s internationale tant par ses origines m\u00e9tiss\u00e9es que par son parcours. Elle \u00e9crit depuis qu\u2019elle sait tenir un stylo et aime s\u2019essayer \u00e0 des styles divers et vari\u00e9s, m\u00eame si certains genres ont sa pr\u00e9f\u00e9rence. En tant que membre de la communaut\u00e9 LGBTQ, elle a tendance \u00e0 d\u00e9peindre des personnages queer un peu partout, parce que \u00e7a lui pla\u00eet mais aussi pour leur donner plus de visibilit\u00e9. D\u2019une mani\u00e8re g\u00e9n\u00e9rale, elle souhaite que ses \u0153uvres soient emplies de diversit\u00e9 et de messages de tol\u00e9rance. Comme elle est aussi maman, son temps se r\u00e9partit entre sa vie de famille, son m\u00e9tier de formatrice et l\u2019\u00e9criture, m\u00eame si souvent tout cela se m\u00e9lange. D\u2019ailleurs, pour elle, la f\u00e9minit\u00e9 est aussi un m\u00e9lange : en tant que m\u00e8re et amante, elle aime autant imaginer des r\u00e9cits \u00e9rotiques que des histoires pour enfants \u2014 m\u00eame si ces derni\u00e8res n\u2019ont pas encore \u00e9t\u00e9 publi\u00e9es. Passionn\u00e9e de Japon, de voyage et de langues en g\u00e9n\u00e9ral, elle incorpore souvent ces aspects dans ses \u00e9crits, qu\u2019elle r\u00e9dige en fran\u00e7ais et en anglais, avec un soup\u00e7on de japonais parfois, notamment dans les ha\u00efkus. Derni\u00e8re sortie<\/p>\n","protected":false},"author":1,"featured_media":0,"parent":0,"menu_order":1,"comment_status":"closed","ping_status":"closed","template":"elementor_header_footer","meta":{"footnotes":""},"_links":{"self":[{"href":"https:\/\/ruichanswriting.fr\/index.php\/wp-json\/wp\/v2\/pages\/5"}],"collection":[{"href":"https:\/\/ruichanswriting.fr\/index.php\/wp-json\/wp\/v2\/pages"}],"about":[{"href":"https:\/\/ruichanswriting.fr\/index.php\/wp-json\/wp\/v2\/types\/page"}],"author":[{"embeddable":true,"href":"https:\/\/ruichanswriting.fr\/index.php\/wp-json\/wp\/v2\/users\/1"}],"replies":[{"embeddable":true,"href":"https:\/\/ruichanswriting.fr\/index.php\/wp-json\/wp\/v2\/comments?post=5"}],"version-history":[{"count":31,"href":"https:\/\/ruichanswriting.fr\/index.php\/wp-json\/wp\/v2\/pages\/5\/revisions"}],"predecessor-version":[{"id":2222,"href":"https:\/\/ruichanswriting.fr\/index.php\/wp-json\/wp\/v2\/pages\/5\/revisions\/2222"}],"wp:attachment":[{"href":"https:\/\/ruichanswriting.fr\/index.php\/wp-json\/wp\/v2\/media?parent=5"}],"curies":[{"name":"wp","href":"https:\/\/api.w.org\/{rel}","templated":true}]}}